{"id":430,"date":"2024-01-07T15:06:17","date_gmt":"2024-01-07T14:06:17","guid":{"rendered":"https:\/\/festival.cyclo-camping.international\/2024\/?page_id=430"},"modified":"2025-12-24T17:00:51","modified_gmt":"2025-12-24T16:00:51","slug":"festival-des-enfants","status":"publish","type":"page","link":"https:\/\/festival.cyclo-camping.international\/2026\/activites\/festival-des-enfants\/","title":{"rendered":"Festival des enfants"},"content":{"rendered":"\n<div style=\"height:14px;width:0px\" aria-hidden=\"true\" class=\"wp-block-spacer\"><\/div>\n\n\n\n<h2 class=\"wp-block-heading has-text-align-center\">Les enfants racontent leur&nbsp;voyage \u00e0&nbsp;v\u00e9lo aux&nbsp;enfants<\/h2>\n\n\n\n<div class=\"wp-block-group is-content-justification-center is-layout-flex wp-container-core-group-is-layout-166f567a wp-block-group-is-layout-flex\">\n<div class=\"wp-block-group has-contrast-2-color has-accent-background-color has-text-color has-background has-link-color has-small-font-size wp-elements-c183fc8ea800f8299b1dc12cc27e1b0a is-nowrap is-layout-flex wp-container-core-group-is-layout-701b6c09 wp-block-group-is-layout-flex\" style=\"border-radius:50px;padding-top:0.5rem;padding-right:var(--wp--preset--spacing--10);padding-bottom:0.5rem;padding-left:var(--wp--preset--spacing--10)\">\n<p class=\"has-text-align-center has-small-font-size\" style=\"padding-top:0;padding-right:0;padding-bottom:0;padding-left:0\"><strong>Samedi <\/strong><\/p>\n<\/div>\n\n\n\n<div class=\"wp-block-group has-contrast-2-color has-accent-background-color has-text-color has-background has-link-color has-small-font-size wp-elements-d4e9ec670ce8bf311c960b47588e8763 is-layout-flex wp-block-group-is-layout-flex\" style=\"border-style:none;border-width:0px;border-radius:50px;padding-top:0.5rem;padding-right:var(--wp--preset--spacing--10);padding-bottom:0.5rem;padding-left:var(--wp--preset--spacing--10)\">\n<p class=\"has-text-align-center\" style=\"padding-top:0;padding-right:0;padding-bottom:0;padding-left:0\"><strong>de 16h00 \u00e0 17h30<\/strong><\/p>\n<\/div>\n\n\n\n<div class=\"wp-block-group has-contrast-2-color has-accent-background-color has-text-color has-background has-link-color has-small-font-size wp-elements-120b4ece99ab40ce2297e0f894cf9acd is-nowrap is-layout-flex wp-container-core-group-is-layout-701b6c09 wp-block-group-is-layout-flex\" style=\"border-radius:50px;padding-top:0.5rem;padding-right:var(--wp--preset--spacing--10);padding-bottom:0.5rem;padding-left:var(--wp--preset--spacing--10)\">\n<p class=\"is-style-default\"><strong>Atrium 1<\/strong><\/p>\n<\/div>\n<\/div>\n\n\n\n<div class=\"wp-block-group is-vertical is-content-justification-center is-layout-flex wp-container-core-group-is-layout-4e16eb28 wp-block-group-is-layout-flex\" style=\"margin-top:2.5rem;margin-bottom:2.5rem\">\n<figure class=\"wp-block-image size-full is-resized\"><img loading=\"lazy\" decoding=\"async\" width=\"1000\" height=\"666\" src=\"https:\/\/festival.cyclo-camping.international\/futur2026\/wp-content\/uploads\/sites\/4\/2024\/01\/web-salesses-2.jpg\" alt=\"Photo d'enfants qui voyagent \u00e0 v\u00e9lo.\" class=\"wp-image-431\" style=\"width:290px\" srcset=\"https:\/\/festival.cyclo-camping.international\/2026\/wp-content\/uploads\/sites\/4\/2024\/01\/web-salesses-2.jpg 1000w, https:\/\/festival.cyclo-camping.international\/2026\/wp-content\/uploads\/sites\/4\/2024\/01\/web-salesses-2-300x200.jpg 300w, https:\/\/festival.cyclo-camping.international\/2026\/wp-content\/uploads\/sites\/4\/2024\/01\/web-salesses-2-768x511.jpg 768w\" sizes=\"auto, (max-width: 1000px) 100vw, 1000px\" \/><\/figure>\n\n\n\n<div class=\"wp-block-group is-vertical is-layout-flex wp-container-core-group-is-layout-b8a987e4 wp-block-group-is-layout-flex\" style=\"margin-bottom:var(--wp--preset--spacing--10)\">\n<p>Sans leurs parents, avec les animatrices, les enfants pourront raconter librement ce qu\u2019ils ont v\u00e9cu : ce qu\u2019ils ont aim\u00e9 et ce qu\u2019ils ont moins aim\u00e9, des anecdotes\u2026 et s\u2019ils ont envie de repartir ! Ceux qui partiront aux prochaines vacances diront ce qui les fait r\u00eaver. Un petit go\u00fbter servi \u00e0 tous les enfants les mettront \u00e0 l&rsquo;aise.<\/p>\n\n\n\n<div class=\"wp-block-group is-layout-flex wp-container-core-group-is-layout-8d4d7e4b wp-block-group-is-layout-flex\">\n<p class=\"has-text-align-center\" style=\"font-size:0.8rem;letter-spacing:0.0625rem;text-transform:uppercase\"><strong>Animation :<\/strong><\/p>\n\n\n\n<p class=\"has-small-font-size\">Isabelle Carment et Isabelle Lancelot<\/p>\n<\/div>\n\n\n\n<p><strong>Bio express<\/strong>\u00a0: Nos deux \u00ab\u00a0Isabelle\u00a0\u00bb de CCI ont, il y a longtemps roul\u00e9 avec leurs enfants \u00e0 travers l&rsquo;Europe, maintenant elles roulent avec leurs petits-enfants. Elles seront attentives \u00e0 laisser la parole \u00e0 vos chers bambins.<\/p>\n<\/div>\n\n\n\n<p class=\"has-text-align-center has-base-background-color has-background has-small-font-size\" style=\"padding-top:0;padding-right:0;padding-bottom:0;padding-left:0;line-height:1.3\"><strong>Ateliers r\u00e9serv\u00e9s aux enfants de&nbsp;6&nbsp;\u00e0&nbsp;13&nbsp;ans<\/strong><\/p>\n\n\n\n<p class=\"has-text-align-center has-base-background-color has-background has-small-font-size\" style=\"padding-top:0;padding-right:0;padding-bottom:0;padding-left:0;line-height:1.3\"><strong>Atelier limit\u00e9 \u00e0 25 enfants<\/strong><\/p>\n<\/div>\n\n\n\n<div style=\"height:14px;width:0px\" aria-hidden=\"true\" class=\"wp-block-spacer\"><\/div>\n\n\n\n<div class=\"wp-block-group has-global-padding is-layout-constrained wp-block-group-is-layout-constrained\">\n<p class=\"has-text-align-center\" style=\"font-size:0.8rem;letter-spacing:0.0625rem;text-transform:uppercase\"><strong>Autres activit\u00e9s<\/strong><\/p>\n\n\n\n<div class=\"wp-block-buttons is-content-justification-center is-layout-flex wp-container-core-buttons-is-layout-a89b3969 wp-block-buttons-is-layout-flex\">\n<div class=\"wp-block-button is-style-outline is-style-outline--1\"><a class=\"wp-block-button__link wp-element-button\" href=\"\/2026\/activites\/debats\/\">D\u00e9bats<\/a><\/div>\n\n\n\n<div class=\"wp-block-button is-style-outline is-style-outline--2\"><a class=\"wp-block-button__link wp-element-button\" href=\"\/2026\/activites\/ateliers-pratiques-voyage-velo\/\">Atelier pratiques<\/a><\/div>\n\n\n\n<div class=\"wp-block-button is-style-outline is-style-outline--3\"><a class=\"wp-block-button__link wp-element-button\" href=\"\/2026\/activites\/rencontres-cyclo-pays-festival-velo\/\">Rencontres cyclo-pays<\/a><\/div>\n<\/div>\n<\/div>\n\n\n\n<div style=\"height:14px;width:0px\" aria-hidden=\"true\" class=\"wp-block-spacer\"><\/div>\n","protected":false},"excerpt":{"rendered":"<p>Les enfants racontent leur&nbsp;voyage \u00e0&nbsp;v\u00e9lo aux&nbsp;enfants Samedi de 16h00 \u00e0 17h30 Atrium 1 Sans leurs parents, avec les animatrices, les enfants pourront raconter librement ce qu\u2019ils ont v\u00e9cu : ce qu\u2019ils ont aim\u00e9 et ce qu\u2019ils ont moins aim\u00e9, des anecdotes\u2026 et s\u2019ils ont envie de repartir ! Ceux qui partiront aux prochaines vacances diront [&hellip;]<\/p>\n","protected":false},"author":1,"featured_media":431,"parent":77,"menu_order":5,"comment_status":"closed","ping_status":"closed","template":"page-no-title","meta":{"footnotes":""},"class_list":["post-430","page","type-page","status-publish","has-post-thumbnail","hentry"],"yoast_head":"<!-- This site is optimized with the Yoast SEO plugin v27.6 - https:\/\/yoast.com\/product\/yoast-seo-wordpress\/ -->\n<title>festival des enfants<\/title>\n<meta name=\"description\" content=\"Le festival des enfants, ce sont des enfants voyageurs \u00e0 v\u00e9lo qui racontent leur voyage \u00e0 d&#039;autres enfants.\" \/>\n<meta name=\"robots\" content=\"index, follow, max-snippet:-1, max-image-preview:large, max-video-preview:-1\" \/>\n<link rel=\"canonical\" href=\"https:\/\/festival.cyclo-camping.international\/2026\/activites\/festival-des-enfants\/\" \/>\n<meta property=\"og:locale\" content=\"fr_FR\" \/>\n<meta property=\"og:type\" content=\"article\" \/>\n<meta property=\"og:title\" content=\"festival des enfants\" \/>\n<meta property=\"og:description\" content=\"Le festival des enfants, ce sont des enfants voyageurs \u00e0 v\u00e9lo qui racontent leur voyage \u00e0 d&#039;autres enfants.\" \/>\n<meta property=\"og:url\" content=\"https:\/\/festival.cyclo-camping.international\/2026\/activites\/festival-des-enfants\/\" \/>\n<meta property=\"og:site_name\" content=\"39e Festival International du Voyage \u00e0 V\u00e9lo\" \/>\n<meta property=\"article:publisher\" content=\"https:\/\/www.facebook.com\/cyclo.camping.international\" \/>\n<meta property=\"article:modified_time\" content=\"2025-12-24T16:00:51+00:00\" \/>\n<meta property=\"og:image\" content=\"https:\/\/festival.cyclo-camping.international\/2026\/wp-content\/uploads\/sites\/4\/2024\/01\/web-salesses-2.jpg\" \/>\n\t<meta property=\"og:image:width\" content=\"1000\" \/>\n\t<meta property=\"og:image:height\" content=\"666\" \/>\n\t<meta property=\"og:image:type\" content=\"image\/jpeg\" \/>\n<meta name=\"twitter:card\" content=\"summary_large_image\" \/>\n<meta name=\"twitter:label1\" content=\"Dur\u00e9e de lecture estim\u00e9e\" \/>\n\t<meta name=\"twitter:data1\" content=\"2 minutes\" \/>\n<script type=\"application\/ld+json\" class=\"yoast-schema-graph\">{\"@context\":\"https:\\\/\\\/schema.org\",\"@graph\":[{\"@type\":\"WebPage\",\"@id\":\"https:\\\/\\\/festival.cyclo-camping.international\\\/2026\\\/activites\\\/festival-des-enfants\\\/\",\"url\":\"https:\\\/\\\/festival.cyclo-camping.international\\\/2026\\\/activites\\\/festival-des-enfants\\\/\",\"name\":\"festival des enfants\",\"isPartOf\":{\"@id\":\"https:\\\/\\\/festival.cyclo-camping.international\\\/2026\\\/#website\"},\"primaryImageOfPage\":{\"@id\":\"https:\\\/\\\/festival.cyclo-camping.international\\\/2026\\\/activites\\\/festival-des-enfants\\\/#primaryimage\"},\"image\":{\"@id\":\"https:\\\/\\\/festival.cyclo-camping.international\\\/2026\\\/activites\\\/festival-des-enfants\\\/#primaryimage\"},\"thumbnailUrl\":\"https:\\\/\\\/festival.cyclo-camping.international\\\/2026\\\/wp-content\\\/uploads\\\/sites\\\/4\\\/2024\\\/01\\\/web-salesses-2.jpg\",\"datePublished\":\"2024-01-07T14:06:17+00:00\",\"dateModified\":\"2025-12-24T16:00:51+00:00\",\"description\":\"Le festival des enfants, ce sont des enfants voyageurs \u00e0 v\u00e9lo qui racontent leur voyage \u00e0 d'autres enfants.\",\"breadcrumb\":{\"@id\":\"https:\\\/\\\/festival.cyclo-camping.international\\\/2026\\\/activites\\\/festival-des-enfants\\\/#breadcrumb\"},\"inLanguage\":\"fr-FR\",\"potentialAction\":[{\"@type\":\"ReadAction\",\"target\":[\"https:\\\/\\\/festival.cyclo-camping.international\\\/2026\\\/activites\\\/festival-des-enfants\\\/\"]}]},{\"@type\":\"ImageObject\",\"inLanguage\":\"fr-FR\",\"@id\":\"https:\\\/\\\/festival.cyclo-camping.international\\\/2026\\\/activites\\\/festival-des-enfants\\\/#primaryimage\",\"url\":\"https:\\\/\\\/festival.cyclo-camping.international\\\/2026\\\/wp-content\\\/uploads\\\/sites\\\/4\\\/2024\\\/01\\\/web-salesses-2.jpg\",\"contentUrl\":\"https:\\\/\\\/festival.cyclo-camping.international\\\/2026\\\/wp-content\\\/uploads\\\/sites\\\/4\\\/2024\\\/01\\\/web-salesses-2.jpg\",\"width\":1000,\"height\":666,\"caption\":\"Photo Michel Salesses\"},{\"@type\":\"BreadcrumbList\",\"@id\":\"https:\\\/\\\/festival.cyclo-camping.international\\\/2026\\\/activites\\\/festival-des-enfants\\\/#breadcrumb\",\"itemListElement\":[{\"@type\":\"ListItem\",\"position\":1,\"name\":\"Accueil\",\"item\":\"https:\\\/\\\/festival.cyclo-camping.international\\\/2026\\\/\"},{\"@type\":\"ListItem\",\"position\":2,\"name\":\"Activit\u00e9s\",\"item\":\"https:\\\/\\\/festival.cyclo-camping.international\\\/2026\\\/activites\\\/\"},{\"@type\":\"ListItem\",\"position\":3,\"name\":\"Festival des enfants\"}]},{\"@type\":\"WebSite\",\"@id\":\"https:\\\/\\\/festival.cyclo-camping.international\\\/2026\\\/#website\",\"url\":\"https:\\\/\\\/festival.cyclo-camping.international\\\/2026\\\/\",\"name\":\"39e Festival International du Voyage \u00e0 V\u00e9lo\",\"description\":\"\",\"publisher\":{\"@id\":\"https:\\\/\\\/festival.cyclo-camping.international\\\/2026\\\/#organization\"},\"potentialAction\":[{\"@type\":\"SearchAction\",\"target\":{\"@type\":\"EntryPoint\",\"urlTemplate\":\"https:\\\/\\\/festival.cyclo-camping.international\\\/2026\\\/?s={search_term_string}\"},\"query-input\":{\"@type\":\"PropertyValueSpecification\",\"valueRequired\":true,\"valueName\":\"search_term_string\"}}],\"inLanguage\":\"fr-FR\"},{\"@type\":\"Organization\",\"@id\":\"https:\\\/\\\/festival.cyclo-camping.international\\\/2026\\\/#organization\",\"name\":\"39e Festival International du Voyage \u00e0 V\u00e9lo\",\"url\":\"https:\\\/\\\/festival.cyclo-camping.international\\\/2026\\\/\",\"logo\":{\"@type\":\"ImageObject\",\"inLanguage\":\"fr-FR\",\"@id\":\"https:\\\/\\\/festival.cyclo-camping.international\\\/2026\\\/#\\\/schema\\\/logo\\\/image\\\/\",\"url\":\"https:\\\/\\\/festival.cyclo-camping.international\\\/2026\\\/wp-content\\\/uploads\\\/sites\\\/4\\\/2024\\\/01\\\/logo_cci_petit.png\",\"contentUrl\":\"https:\\\/\\\/festival.cyclo-camping.international\\\/2026\\\/wp-content\\\/uploads\\\/sites\\\/4\\\/2024\\\/01\\\/logo_cci_petit.png\",\"width\":264,\"height\":113,\"caption\":\"39e Festival International du Voyage \u00e0 V\u00e9lo\"},\"image\":{\"@id\":\"https:\\\/\\\/festival.cyclo-camping.international\\\/2026\\\/#\\\/schema\\\/logo\\\/image\\\/\"},\"sameAs\":[\"https:\\\/\\\/www.facebook.com\\\/cyclo.camping.international\",\"https:\\\/\\\/www.instagram.com\\\/cyclocampinginternational\\\/\"]}]}<\/script>\n<!-- \/ Yoast SEO plugin. -->","yoast_head_json":{"title":"festival des enfants","description":"Le festival des enfants, ce sont des enfants voyageurs \u00e0 v\u00e9lo qui racontent leur voyage \u00e0 d'autres enfants.","robots":{"index":"index","follow":"follow","max-snippet":"max-snippet:-1","max-image-preview":"max-image-preview:large","max-video-preview":"max-video-preview:-1"},"canonical":"https:\/\/festival.cyclo-camping.international\/2026\/activites\/festival-des-enfants\/","og_locale":"fr_FR","og_type":"article","og_title":"festival des enfants","og_description":"Le festival des enfants, ce sont des enfants voyageurs \u00e0 v\u00e9lo qui racontent leur voyage \u00e0 d'autres enfants.","og_url":"https:\/\/festival.cyclo-camping.international\/2026\/activites\/festival-des-enfants\/","og_site_name":"39e Festival International du Voyage \u00e0 V\u00e9lo","article_publisher":"https:\/\/www.facebook.com\/cyclo.camping.international","article_modified_time":"2025-12-24T16:00:51+00:00","og_image":[{"width":1000,"height":666,"url":"https:\/\/festival.cyclo-camping.international\/2026\/wp-content\/uploads\/sites\/4\/2024\/01\/web-salesses-2.jpg","type":"image\/jpeg"}],"twitter_card":"summary_large_image","twitter_misc":{"Dur\u00e9e de lecture estim\u00e9e":"2 minutes"},"schema":{"@context":"https:\/\/schema.org","@graph":[{"@type":"WebPage","@id":"https:\/\/festival.cyclo-camping.international\/2026\/activites\/festival-des-enfants\/","url":"https:\/\/festival.cyclo-camping.international\/2026\/activites\/festival-des-enfants\/","name":"festival des enfants","isPartOf":{"@id":"https:\/\/festival.cyclo-camping.international\/2026\/#website"},"primaryImageOfPage":{"@id":"https:\/\/festival.cyclo-camping.international\/2026\/activites\/festival-des-enfants\/#primaryimage"},"image":{"@id":"https:\/\/festival.cyclo-camping.international\/2026\/activites\/festival-des-enfants\/#primaryimage"},"thumbnailUrl":"https:\/\/festival.cyclo-camping.international\/2026\/wp-content\/uploads\/sites\/4\/2024\/01\/web-salesses-2.jpg","datePublished":"2024-01-07T14:06:17+00:00","dateModified":"2025-12-24T16:00:51+00:00","description":"Le festival des enfants, ce sont des enfants voyageurs \u00e0 v\u00e9lo qui racontent leur voyage \u00e0 d'autres enfants.","breadcrumb":{"@id":"https:\/\/festival.cyclo-camping.international\/2026\/activites\/festival-des-enfants\/#breadcrumb"},"inLanguage":"fr-FR","potentialAction":[{"@type":"ReadAction","target":["https:\/\/festival.cyclo-camping.international\/2026\/activites\/festival-des-enfants\/"]}]},{"@type":"ImageObject","inLanguage":"fr-FR","@id":"https:\/\/festival.cyclo-camping.international\/2026\/activites\/festival-des-enfants\/#primaryimage","url":"https:\/\/festival.cyclo-camping.international\/2026\/wp-content\/uploads\/sites\/4\/2024\/01\/web-salesses-2.jpg","contentUrl":"https:\/\/festival.cyclo-camping.international\/2026\/wp-content\/uploads\/sites\/4\/2024\/01\/web-salesses-2.jpg","width":1000,"height":666,"caption":"Photo Michel Salesses"},{"@type":"BreadcrumbList","@id":"https:\/\/festival.cyclo-camping.international\/2026\/activites\/festival-des-enfants\/#breadcrumb","itemListElement":[{"@type":"ListItem","position":1,"name":"Accueil","item":"https:\/\/festival.cyclo-camping.international\/2026\/"},{"@type":"ListItem","position":2,"name":"Activit\u00e9s","item":"https:\/\/festival.cyclo-camping.international\/2026\/activites\/"},{"@type":"ListItem","position":3,"name":"Festival des enfants"}]},{"@type":"WebSite","@id":"https:\/\/festival.cyclo-camping.international\/2026\/#website","url":"https:\/\/festival.cyclo-camping.international\/2026\/","name":"39e Festival International du Voyage \u00e0 V\u00e9lo","description":"","publisher":{"@id":"https:\/\/festival.cyclo-camping.international\/2026\/#organization"},"potentialAction":[{"@type":"SearchAction","target":{"@type":"EntryPoint","urlTemplate":"https:\/\/festival.cyclo-camping.international\/2026\/?s={search_term_string}"},"query-input":{"@type":"PropertyValueSpecification","valueRequired":true,"valueName":"search_term_string"}}],"inLanguage":"fr-FR"},{"@type":"Organization","@id":"https:\/\/festival.cyclo-camping.international\/2026\/#organization","name":"39e Festival International du Voyage \u00e0 V\u00e9lo","url":"https:\/\/festival.cyclo-camping.international\/2026\/","logo":{"@type":"ImageObject","inLanguage":"fr-FR","@id":"https:\/\/festival.cyclo-camping.international\/2026\/#\/schema\/logo\/image\/","url":"https:\/\/festival.cyclo-camping.international\/2026\/wp-content\/uploads\/sites\/4\/2024\/01\/logo_cci_petit.png","contentUrl":"https:\/\/festival.cyclo-camping.international\/2026\/wp-content\/uploads\/sites\/4\/2024\/01\/logo_cci_petit.png","width":264,"height":113,"caption":"39e Festival International du Voyage \u00e0 V\u00e9lo"},"image":{"@id":"https:\/\/festival.cyclo-camping.international\/2026\/#\/schema\/logo\/image\/"},"sameAs":["https:\/\/www.facebook.com\/cyclo.camping.international","https:\/\/www.instagram.com\/cyclocampinginternational\/"]}]}},"_links":{"self":[{"href":"https:\/\/festival.cyclo-camping.international\/2026\/wp-json\/wp\/v2\/pages\/430","targetHints":{"allow":["GET"]}}],"collection":[{"href":"https:\/\/festival.cyclo-camping.international\/2026\/wp-json\/wp\/v2\/pages"}],"about":[{"href":"https:\/\/festival.cyclo-camping.international\/2026\/wp-json\/wp\/v2\/types\/page"}],"author":[{"embeddable":true,"href":"https:\/\/festival.cyclo-camping.international\/2026\/wp-json\/wp\/v2\/users\/1"}],"replies":[{"embeddable":true,"href":"https:\/\/festival.cyclo-camping.international\/2026\/wp-json\/wp\/v2\/comments?post=430"}],"version-history":[{"count":4,"href":"https:\/\/festival.cyclo-camping.international\/2026\/wp-json\/wp\/v2\/pages\/430\/revisions"}],"predecessor-version":[{"id":4916,"href":"https:\/\/festival.cyclo-camping.international\/2026\/wp-json\/wp\/v2\/pages\/430\/revisions\/4916"}],"up":[{"embeddable":true,"href":"https:\/\/festival.cyclo-camping.international\/2026\/wp-json\/wp\/v2\/pages\/77"}],"wp:featuredmedia":[{"embeddable":true,"href":"https:\/\/festival.cyclo-camping.international\/2026\/wp-json\/wp\/v2\/media\/431"}],"wp:attachment":[{"href":"https:\/\/festival.cyclo-camping.international\/2026\/wp-json\/wp\/v2\/media?parent=430"}],"curies":[{"name":"wp","href":"https:\/\/api.w.org\/{rel}","templated":true}]}}