{"id":58,"date":"2023-12-24T18:24:40","date_gmt":"2023-12-24T17:24:40","guid":{"rendered":"https:\/\/festival.cyclo-camping.international\/?page_id=58"},"modified":"2023-12-24T18:24:40","modified_gmt":"2023-12-24T17:24:40","slug":"les-medias-en-parlent","status":"publish","type":"page","link":"https:\/\/festival.cyclo-camping.international\/2024\/presentation\/les-medias-en-parlent\/","title":{"rendered":"Les m\u00e9dias en parlent"},"content":{"rendered":"\n<h2 class=\"wp-block-heading has-text-align-center\">Les m\u00e9dias en&nbsp;parlent<\/h2>\n\n\n\n<div class=\"wp-block-group has-global-padding is-layout-constrained wp-block-group-is-layout-constrained\">\n<div class=\"wp-block-group has-contrast-2-color has-text-color has-link-color wp-elements-740d8bf384a80bfc1ad314fe83d5931a has-global-padding is-layout-constrained wp-block-group-is-layout-constrained\">\n<div class=\"wp-block-columns is-layout-flex wp-container-core-columns-is-layout-28f84493 wp-block-columns-is-layout-flex\">\n<div class=\"wp-block-column is-layout-flow wp-block-column-is-layout-flow\" style=\"flex-basis:33.34%\">\n<p class=\"has-text-align-center\" style=\"margin-top:0;margin-bottom:0;padding-top:0;padding-right:0;padding-bottom:0;padding-left:0\"><a href=\"https:\/\/www.lemans-evenements.fr\/evenement\/festival-du-voyage-a-velo\/\" target=\"_blank\" rel=\"noreferrer noopener\">Le Mans Ev\u00e9nements<\/a><\/p>\n<\/div>\n\n\n\n<div class=\"wp-block-column is-layout-flow wp-block-column-is-layout-flow\" style=\"flex-basis:33.34%\">\n<p class=\"has-text-align-center\"><a href=\"https:\/\/www.isabelleetlevelo.fr\/evenement\/37eme-festival-du-voyage-a-velo\/\" target=\"_blank\" rel=\"noreferrer noopener\">Isabelle et le v\u00e9lo<\/a><\/p>\n<\/div>\n\n\n\n<div class=\"wp-block-column is-layout-flow wp-block-column-is-layout-flow\" style=\"flex-basis:33.33%\">\n<p class=\"has-text-align-center\"><a href=\"https:\/\/cyclotourisme-mag.com\/actus\/le-festival-international-du-voyage-a-velo-direction-le-mans-en-2024\/\" target=\"_blank\" rel=\"noreferrer noopener\">Cyclo Mag<\/a><\/p>\n<\/div>\n<\/div>\n\n\n\n<div class=\"wp-block-columns is-layout-flex wp-container-core-columns-is-layout-28f84493 wp-block-columns-is-layout-flex\">\n<div class=\"wp-block-column is-layout-flow wp-block-column-is-layout-flow\" style=\"flex-basis:33.34%\">\n<p class=\"has-text-align-center\"><a href=\"https:\/\/le-velo-urbain.com\/37eme-festival-international-du-voyage-a-velo\/\">Le v\u00e9lo <\/a><a href=\"https:\/\/le-velo-urbain.com\/37eme-festival-international-du-voyage-a-velo\/\" target=\"_blank\" rel=\"noreferrer noopener\">urbain<\/a><\/p>\n<\/div>\n\n\n\n<div class=\"wp-block-column is-layout-flow wp-block-column-is-layout-flow\" style=\"flex-basis:33.34%\">\n<p class=\"has-text-align-center\"><a href=\"https:\/\/radiosports.fr\/37%e1%b5%89-festival-international-du-voyage-a-velo.html\" target=\"_blank\" rel=\"noreferrer noopener\">Radio Sports<\/a><\/p>\n<\/div>\n\n\n\n<div class=\"wp-block-column is-layout-flow wp-block-column-is-layout-flow\" style=\"flex-basis:33.33%\">\n<p class=\"has-text-align-center\"><a href=\"https:\/\/www.tourisme-espaces.com\/evenement-pro\/2173.eme-festival-international-voyage-velo.html\" target=\"_blank\" rel=\"noreferrer noopener\">Espaces<\/a><\/p>\n<\/div>\n<\/div>\n\n\n\n<div class=\"wp-block-columns is-layout-flex wp-container-core-columns-is-layout-28f84493 wp-block-columns-is-layout-flex\">\n<div class=\"wp-block-column is-layout-flow wp-block-column-is-layout-flow\" style=\"flex-basis:33.34%\">\n<p class=\"has-text-align-center\"><a href=\"https:\/\/weelz.ouest-france.fr\/le-festival-international-du-voyage-a-velo-2024-aura-lieu-en-fevrier-au-mans\/\" target=\"_blank\" rel=\"noreferrer noopener\">Weelz<\/a><\/p>\n<\/div>\n\n\n\n<div class=\"wp-block-column is-layout-flow wp-block-column-is-layout-flow\" style=\"flex-basis:33.34%\">\n<p class=\"has-text-align-center\"><a href=\"https:\/\/bike-cafe.fr\/evenement\/festival-international-du-voyage-a-velo\/\" target=\"_blank\" rel=\"noreferrer noopener\">Bike-caf\u00e9<\/a><\/p>\n<\/div>\n\n\n\n<div class=\"wp-block-column is-layout-flow wp-block-column-is-layout-flow\" style=\"flex-basis:33.33%\">\n<p class=\"has-text-align-center\"><a href=\"https:\/\/paysdeloire.sortir.eu\/evenements\/37eme-festival-international-du-voyage-a-velo\" target=\"_blank\" rel=\"noreferrer noopener\">Sortir.eu<\/a><\/p>\n<\/div>\n<\/div>\n\n\n\n<div class=\"wp-block-columns is-layout-flex wp-container-core-columns-is-layout-28f84493 wp-block-columns-is-layout-flex\">\n<div class=\"wp-block-column is-layout-flow wp-block-column-is-layout-flow\" style=\"flex-basis:33.34%\">\n<p class=\"has-text-align-center\"><a href=\"https:\/\/reporterre.net\/37eme-festival-international-du-voyage-a-velo\" target=\"_blank\" rel=\"noreferrer noopener\">Reporterre<\/a><\/p>\n<\/div>\n\n\n\n<div class=\"wp-block-column is-layout-flow wp-block-column-is-layout-flow\" style=\"flex-basis:33.34%\">\n<p class=\"has-text-align-center\"><a href=\"https:\/\/cyclovagabond.com\/festival-du-voyage-a-velo\/\" target=\"_blank\" rel=\"noreferrer noopener\">Cyclovagabond<\/a><\/p>\n<\/div>\n\n\n\n<div class=\"wp-block-column is-layout-flow wp-block-column-is-layout-flow\" style=\"flex-basis:33.33%\">\n<p class=\"has-text-align-center\"><a href=\"https:\/\/un-monde-a-velo.com\/festivals-evenements-voyage-velo\/\" target=\"_blank\" rel=\"noreferrer noopener\">Un monde \u00e0 v\u00e9lo<\/a><\/p>\n<\/div>\n<\/div>\n\n\n\n<div class=\"wp-block-columns is-layout-flex wp-container-core-columns-is-layout-28f84493 wp-block-columns-is-layout-flex\">\n<div class=\"wp-block-column is-layout-flow wp-block-column-is-layout-flow\" style=\"flex-basis:33.34%\">\n<p class=\"has-text-align-center\"><a href=\"https:\/\/lagedefaire-lejournal.fr\/\" target=\"_blank\" rel=\"noreferrer noopener\">L&rsquo;age de faire n\u00b0192<\/a><\/p>\n<\/div>\n\n\n\n<div class=\"wp-block-column is-layout-flow wp-block-column-is-layout-flow\" style=\"flex-basis:33.34%\">\n<p class=\"has-text-align-center\"><a href=\"https:\/\/open.spotify.com\/episode\/6M3p1Dy81XXBM3M4zbOQpO\" target=\"_blank\" rel=\"noreferrer noopener\">Pause V\u00e9lo \u00e0 21min14<\/a><\/p>\n<\/div>\n\n\n\n<div class=\"wp-block-column is-layout-flow wp-block-column-is-layout-flow\" style=\"flex-basis:33.34%\">\n<p class=\"has-text-align-center\"><a href=\"https:\/\/www.francebleu.fr\/emissions\/le-specialiste-du-jour-de-france-bleu-maine\/le-mans-accueille-le-festival-international-du-voyage-a-velo-8442026\" target=\"_blank\" rel=\"noreferrer noopener\">France Bleu<\/a><\/p>\n<\/div>\n<\/div>\n\n\n\n<div class=\"wp-block-columns is-layout-flex wp-container-core-columns-is-layout-28f84493 wp-block-columns-is-layout-flex\">\n<div class=\"wp-block-column is-layout-flow wp-block-column-is-layout-flow\" style=\"flex-basis:33.34%\">\n<p class=\"has-text-align-center\"><strong><a href=\"https:\/\/cause-commune.fm\/podcast\/rayons-libres-240\/\" target=\"_blank\" rel=\"noreferrer noopener\">Rayons libres<\/a><\/strong><\/p>\n<\/div>\n\n\n\n<div class=\"wp-block-column is-layout-flow wp-block-column-is-layout-flow\" style=\"flex-basis:33.34%\">\n<p class=\"has-text-align-center\"><a href=\"https:\/\/www.youtube.com\/watch?v=r9HmR1BgAso\" target=\"_blank\" rel=\"noreferrer noopener\">LMtv<\/a><\/p>\n<\/div>\n\n\n\n<div class=\"wp-block-column is-layout-flow wp-block-column-is-layout-flow\" style=\"flex-basis:33.34%\">\n<p class=\"has-text-align-center\"><a href=\"https:\/\/www.revuesilence.net\/numeros\/529-Resister-au-tout-numerique\/\" target=\"_blank\" rel=\"noreferrer noopener\">S!lence<\/a><\/p>\n<\/div>\n<\/div>\n\n\n\n<div class=\"wp-block-columns is-layout-flex wp-container-core-columns-is-layout-28f84493 wp-block-columns-is-layout-flex\">\n<div class=\"wp-block-column is-layout-flow wp-block-column-is-layout-flow\" style=\"flex-basis:33.34%\">\n<p class=\"has-text-align-center\"><strong><a href=\"https:\/\/www.ouest-france.fr\/pays-de-la-loire\/le-mans-72000\/on-y-prend-gout-tres-vite-le-festival-international-du-voyage-a-velo-fait-etape-au-mans-1616da5c-abe7-11ee-8ce5-c353cc4f1a17\" target=\"_blank\" rel=\"noreferrer noopener\">Le Maine Libre<\/a><\/strong><\/p>\n<\/div>\n\n\n\n<div class=\"wp-block-column is-layout-flow wp-block-column-is-layout-flow\" style=\"flex-basis:33.34%\">\n<p class=\"has-text-align-center\"><strong><a href=\"https:\/\/open.spotify.com\/episode\/3qu8oxGh8BN8r0cpUy51uv\" target=\"_blank\" rel=\"noreferrer noopener\">Cyclo-topo<\/a><\/strong><\/p>\n<\/div>\n\n\n\n<div class=\"wp-block-column is-layout-flow wp-block-column-is-layout-flow\" style=\"flex-basis:33.34%\">\n<p class=\"has-text-align-center\"><strong><a href=\"https:\/\/radio.vinci-autoroutes.com\/article\/festival-international-du-voyage-a-velo-11122\" target=\"_blank\" rel=\"noreferrer noopener\">Radio Vinci Autoroutes<\/a><\/strong><\/p>\n<\/div>\n<\/div>\n\n\n\n<div class=\"wp-block-columns is-layout-flex wp-container-core-columns-is-layout-28f84493 wp-block-columns-is-layout-flex\">\n<div class=\"wp-block-column is-layout-flow wp-block-column-is-layout-flow\" style=\"flex-basis:33.34%\">\n<p class=\"has-text-align-center\"><strong><a href=\"https:\/\/www.sportmag.fr\/cyclisme-le-voyage-a-velo-se-rassemble-au-mans\/\" target=\"_blank\" rel=\"noreferrer noopener\">Sport Mag<\/a><\/strong><\/p>\n<\/div>\n\n\n\n<div class=\"wp-block-column is-layout-flow wp-block-column-is-layout-flow\" style=\"flex-basis:33.34%\">\n<p class=\"has-text-align-center\"><strong><a href=\"https:\/\/www.ouest-france.fr\/nature\/balades-randonnees\/randonnees-velos\/de-lislande-a-la-bretagne-ce-couple-de-retraites-a-deja-parcouru-plus-de-26-000-km-a-velo-273f3d72-d0ce-11ee-89c0-6cefac77e04a\" target=\"_blank\" rel=\"noreferrer noopener\">Ouest-France<\/a><\/strong><\/p>\n<\/div>\n\n\n\n<div class=\"wp-block-column is-layout-flow wp-block-column-is-layout-flow\" style=\"flex-basis:33.34%\">\n<p class=\"has-text-align-center\"><strong><a href=\"https:\/\/www.unidivers.fr\/event\/palais-des-congres-et-de-la-culture-le-mans-sarthe-2024-02-24\/\" target=\"_blank\" rel=\"noreferrer noopener\">Unidivers<\/a><\/strong><\/p>\n<\/div>\n<\/div>\n\n\n\n<div class=\"wp-block-columns is-layout-flex wp-container-core-columns-is-layout-28f84493 wp-block-columns-is-layout-flex\">\n<div class=\"wp-block-column is-layout-flow wp-block-column-is-layout-flow\" style=\"flex-basis:33.34%\">\n<p class=\"has-text-align-center\"><strong><a href=\"https:\/\/www.politis.fr\/articles\/2024\/02\/24-25-fevrier-festival-international-du-voyage-a-velo-au-mans\/\" target=\"_blank\" rel=\"noreferrer noopener\">Politis<\/a><\/strong><\/p>\n<\/div>\n\n\n\n<div class=\"wp-block-column is-layout-flow wp-block-column-is-layout-flow\" style=\"flex-basis:33.34%\">\n<p class=\"has-text-align-center\"><strong><a href=\"https:\/\/www.expemag.com\/article\/actualite\/festival-international-du-voyage-a-velo\" target=\"_blank\" rel=\"noreferrer noopener\">Expemag<\/a><\/strong><\/p>\n<\/div>\n\n\n\n<div class=\"wp-block-column is-layout-flow wp-block-column-is-layout-flow\" style=\"flex-basis:33.34%\">\n<p class=\"has-text-align-center\"><strong><a href=\"https:\/\/lemans.maville.com\/sport\/detail_-tous-en-selle-vers-le-festival-du-voyage-a-velo-au-mans-_fil-6174023_actu.Htm\" target=\"_blank\" rel=\"noreferrer noopener\">Maville<\/a><\/strong><\/p>\n<\/div>\n<\/div>\n\n\n\n<div class=\"wp-block-columns is-layout-flex wp-container-core-columns-is-layout-28f84493 wp-block-columns-is-layout-flex\">\n<div class=\"wp-block-column is-layout-flow wp-block-column-is-layout-flow\" style=\"flex-basis:33.34%\">\n<p class=\"has-text-align-center\"><strong><a href=\"https:\/\/www.sarthetourisme.com\/agenda\/festival-international-du-voyage-a-velo\/\" target=\"_blank\" rel=\"noreferrer noopener\">Sarthe Tourisme<\/a><\/strong><\/p>\n<\/div>\n\n\n\n<div class=\"wp-block-column is-layout-flow wp-block-column-is-layout-flow\" style=\"flex-basis:33.34%\">\n<p class=\"has-text-align-center\"><strong><a href=\"https:\/\/www.sarthe.fr\/actualites\/retour-sur-linauguration-du-festival-international-du-voyage-velo\" target=\"_blank\" rel=\"noreferrer noopener\">Sarthe<\/a><\/strong><\/p>\n<\/div>\n\n\n\n<div class=\"wp-block-column is-layout-flow wp-block-column-is-layout-flow\" style=\"flex-basis:33.34%\">\n<p class=\"has-text-align-center\"><strong><a href=\"https:\/\/www.isabelleetlevelo.fr\/2024\/02\/29\/les-cyclo-campeurs-de-cci-ne-savent-pas-compter\/\" target=\"_blank\" rel=\"noreferrer noopener\">Isabelle et le v\u00e9lo<\/a><\/strong><\/p>\n<\/div>\n<\/div>\n\n\n\n<div class=\"wp-block-columns is-layout-flex wp-container-core-columns-is-layout-28f84493 wp-block-columns-is-layout-flex\">\n<div class=\"wp-block-column is-layout-flow wp-block-column-is-layout-flow\" style=\"flex-basis:33.34%\">\n<p class=\"has-text-align-center\"><strong><a href=\"https:\/\/www.youtube.com\/watch?v=lNxvaawaY4s\" target=\"_blank\" rel=\"noreferrer noopener\">LMtv<\/a><\/strong><\/p>\n<\/div>\n\n\n\n<div class=\"wp-block-column is-layout-flow wp-block-column-is-layout-flow\" style=\"flex-basis:33.34%\">\n<p class=\"has-text-align-center\"><strong><a href=\"https:\/\/www.youtube.com\/watch?v=rIWDCzuScxA\" target=\"_blank\" rel=\"noreferrer noopener\">TV Maine<\/a><\/strong><\/p>\n<\/div>\n\n\n\n<div class=\"wp-block-column is-layout-flow wp-block-column-is-layout-flow\" style=\"flex-basis:33.34%\">\n<p class=\"has-text-align-center\"><strong><a href=\"https:\/\/open.spotify.com\/episode\/7LmVo4yDY6OsvsI3wG2xfh?si=FI1Q-0HRRHKcTjfR4XYbng\" target=\"_blank\" rel=\"noreferrer noopener\">Pause V\u00e9lo<\/a><\/strong><\/p>\n<\/div>\n<\/div>\n\n\n\n<div class=\"wp-block-columns is-layout-flex wp-container-core-columns-is-layout-28f84493 wp-block-columns-is-layout-flex\">\n<div class=\"wp-block-column is-layout-flow wp-block-column-is-layout-flow\" style=\"flex-basis:33.34%\">\n<p class=\"has-text-align-center\"><strong><a href=\"https:\/\/youtu.be\/mqsBbA3PvsE?feature=shared\" target=\"_blank\" rel=\"noreferrer noopener\">Cyclo-voyage avec Gaetan<\/a><\/strong><\/p>\n<\/div>\n<\/div>\n<\/div>\n<\/div>\n","protected":false},"excerpt":{"rendered":"<p>Les m\u00e9dias en&nbsp;parlent Le Mans Ev\u00e9nements Isabelle et le v\u00e9lo Cyclo Mag Le v\u00e9lo urbain Radio Sports Espaces Weelz Bike-caf\u00e9 Sortir.eu Reporterre Cyclovagabond Un monde \u00e0 v\u00e9lo L&rsquo;age de faire n\u00b0192 Pause V\u00e9lo \u00e0 21min14 France Bleu Rayons libres LMtv S!lence Le Maine Libre Cyclo-topo Radio Vinci Autoroutes Sport Mag Ouest-France Unidivers Politis Expemag Maville [&hellip;]<\/p>\n","protected":false},"author":1,"featured_media":0,"parent":61,"menu_order":4,"comment_status":"closed","ping_status":"closed","template":"page-no-title","meta":{"footnotes":""},"class_list":["post-58","page","type-page","status-publish","hentry"],"yoast_head":"<!-- This site is optimized with the Yoast SEO plugin v27.6 - https:\/\/yoast.com\/product\/yoast-seo-wordpress\/ -->\n<title>Les m\u00e9dias parlent du festival du voyage \u00e0 v\u00e9lo<\/title>\n<meta name=\"description\" content=\"Liste des m\u00e9dias qui ont relay\u00e9s l&#039;information sur le festival international du voyage \u00e0 v\u00e9lo du Mans de 2024\" \/>\n<meta name=\"robots\" content=\"index, follow, max-snippet:-1, max-image-preview:large, max-video-preview:-1\" \/>\n<link rel=\"canonical\" href=\"https:\/\/festival.cyclo-camping.international\/2024\/presentation\/les-medias-en-parlent\/\" \/>\n<meta property=\"og:locale\" content=\"fr_FR\" \/>\n<meta property=\"og:type\" content=\"article\" \/>\n<meta property=\"og:title\" content=\"Les m\u00e9dias parlent du festival du voyage \u00e0 v\u00e9lo\" \/>\n<meta property=\"og:description\" content=\"Liste des m\u00e9dias qui ont relay\u00e9s l&#039;information sur le festival international du voyage \u00e0 v\u00e9lo du Mans de 2024\" \/>\n<meta property=\"og:url\" content=\"https:\/\/festival.cyclo-camping.international\/2024\/presentation\/les-medias-en-parlent\/\" \/>\n<meta property=\"og:site_name\" content=\"37e Festival international du voyage \u00e0 v\u00e9lo\" \/>\n<meta name=\"twitter:card\" content=\"summary_large_image\" \/>\n<meta name=\"twitter:label1\" content=\"Dur\u00e9e de lecture estim\u00e9e\" \/>\n\t<meta name=\"twitter:data1\" content=\"1 minute\" \/>\n<script type=\"application\/ld+json\" class=\"yoast-schema-graph\">{\"@context\":\"https:\\\/\\\/schema.org\",\"@graph\":[{\"@type\":\"WebPage\",\"@id\":\"https:\\\/\\\/festival.cyclo-camping.international\\\/2024\\\/presentation\\\/les-medias-en-parlent\\\/\",\"url\":\"https:\\\/\\\/festival.cyclo-camping.international\\\/2024\\\/presentation\\\/les-medias-en-parlent\\\/\",\"name\":\"Les m\u00e9dias parlent du festival du voyage \u00e0 v\u00e9lo\",\"isPartOf\":{\"@id\":\"https:\\\/\\\/festival.cyclo-camping.international\\\/2024\\\/#website\"},\"datePublished\":\"2023-12-24T17:24:40+00:00\",\"description\":\"Liste des m\u00e9dias qui ont relay\u00e9s l'information sur le festival international du voyage \u00e0 v\u00e9lo du Mans de 2024\",\"breadcrumb\":{\"@id\":\"https:\\\/\\\/festival.cyclo-camping.international\\\/2024\\\/presentation\\\/les-medias-en-parlent\\\/#breadcrumb\"},\"inLanguage\":\"fr-FR\",\"potentialAction\":[{\"@type\":\"ReadAction\",\"target\":[\"https:\\\/\\\/festival.cyclo-camping.international\\\/2024\\\/presentation\\\/les-medias-en-parlent\\\/\"]}]},{\"@type\":\"BreadcrumbList\",\"@id\":\"https:\\\/\\\/festival.cyclo-camping.international\\\/2024\\\/presentation\\\/les-medias-en-parlent\\\/#breadcrumb\",\"itemListElement\":[{\"@type\":\"ListItem\",\"position\":1,\"name\":\"Accueil\",\"item\":\"https:\\\/\\\/festival.cyclo-camping.international\\\/2024\\\/\"},{\"@type\":\"ListItem\",\"position\":2,\"name\":\"Pr\u00e9sentation\",\"item\":\"https:\\\/\\\/festival.cyclo-camping.international\\\/2024\\\/presentation\\\/\"},{\"@type\":\"ListItem\",\"position\":3,\"name\":\"Les m\u00e9dias en parlent\"}]},{\"@type\":\"WebSite\",\"@id\":\"https:\\\/\\\/festival.cyclo-camping.international\\\/2024\\\/#website\",\"url\":\"https:\\\/\\\/festival.cyclo-camping.international\\\/2024\\\/\",\"name\":\"37e Festival international du voyage \u00e0 v\u00e9lo\",\"description\":\"\",\"potentialAction\":[{\"@type\":\"SearchAction\",\"target\":{\"@type\":\"EntryPoint\",\"urlTemplate\":\"https:\\\/\\\/festival.cyclo-camping.international\\\/2024\\\/?s={search_term_string}\"},\"query-input\":{\"@type\":\"PropertyValueSpecification\",\"valueRequired\":true,\"valueName\":\"search_term_string\"}}],\"inLanguage\":\"fr-FR\"}]}<\/script>\n<!-- \/ Yoast SEO plugin. -->","yoast_head_json":{"title":"Les m\u00e9dias parlent du festival du voyage \u00e0 v\u00e9lo","description":"Liste des m\u00e9dias qui ont relay\u00e9s l'information sur le festival international du voyage \u00e0 v\u00e9lo du Mans de 2024","robots":{"index":"index","follow":"follow","max-snippet":"max-snippet:-1","max-image-preview":"max-image-preview:large","max-video-preview":"max-video-preview:-1"},"canonical":"https:\/\/festival.cyclo-camping.international\/2024\/presentation\/les-medias-en-parlent\/","og_locale":"fr_FR","og_type":"article","og_title":"Les m\u00e9dias parlent du festival du voyage \u00e0 v\u00e9lo","og_description":"Liste des m\u00e9dias qui ont relay\u00e9s l'information sur le festival international du voyage \u00e0 v\u00e9lo du Mans de 2024","og_url":"https:\/\/festival.cyclo-camping.international\/2024\/presentation\/les-medias-en-parlent\/","og_site_name":"37e Festival international du voyage \u00e0 v\u00e9lo","twitter_card":"summary_large_image","twitter_misc":{"Dur\u00e9e de lecture estim\u00e9e":"1 minute"},"schema":{"@context":"https:\/\/schema.org","@graph":[{"@type":"WebPage","@id":"https:\/\/festival.cyclo-camping.international\/2024\/presentation\/les-medias-en-parlent\/","url":"https:\/\/festival.cyclo-camping.international\/2024\/presentation\/les-medias-en-parlent\/","name":"Les m\u00e9dias parlent du festival du voyage \u00e0 v\u00e9lo","isPartOf":{"@id":"https:\/\/festival.cyclo-camping.international\/2024\/#website"},"datePublished":"2023-12-24T17:24:40+00:00","description":"Liste des m\u00e9dias qui ont relay\u00e9s l'information sur le festival international du voyage \u00e0 v\u00e9lo du Mans de 2024","breadcrumb":{"@id":"https:\/\/festival.cyclo-camping.international\/2024\/presentation\/les-medias-en-parlent\/#breadcrumb"},"inLanguage":"fr-FR","potentialAction":[{"@type":"ReadAction","target":["https:\/\/festival.cyclo-camping.international\/2024\/presentation\/les-medias-en-parlent\/"]}]},{"@type":"BreadcrumbList","@id":"https:\/\/festival.cyclo-camping.international\/2024\/presentation\/les-medias-en-parlent\/#breadcrumb","itemListElement":[{"@type":"ListItem","position":1,"name":"Accueil","item":"https:\/\/festival.cyclo-camping.international\/2024\/"},{"@type":"ListItem","position":2,"name":"Pr\u00e9sentation","item":"https:\/\/festival.cyclo-camping.international\/2024\/presentation\/"},{"@type":"ListItem","position":3,"name":"Les m\u00e9dias en parlent"}]},{"@type":"WebSite","@id":"https:\/\/festival.cyclo-camping.international\/2024\/#website","url":"https:\/\/festival.cyclo-camping.international\/2024\/","name":"37e Festival international du voyage \u00e0 v\u00e9lo","description":"","potentialAction":[{"@type":"SearchAction","target":{"@type":"EntryPoint","urlTemplate":"https:\/\/festival.cyclo-camping.international\/2024\/?s={search_term_string}"},"query-input":{"@type":"PropertyValueSpecification","valueRequired":true,"valueName":"search_term_string"}}],"inLanguage":"fr-FR"}]}},"_links":{"self":[{"href":"https:\/\/festival.cyclo-camping.international\/2024\/wp-json\/wp\/v2\/pages\/58","targetHints":{"allow":["GET"]}}],"collection":[{"href":"https:\/\/festival.cyclo-camping.international\/2024\/wp-json\/wp\/v2\/pages"}],"about":[{"href":"https:\/\/festival.cyclo-camping.international\/2024\/wp-json\/wp\/v2\/types\/page"}],"author":[{"embeddable":true,"href":"https:\/\/festival.cyclo-camping.international\/2024\/wp-json\/wp\/v2\/users\/1"}],"replies":[{"embeddable":true,"href":"https:\/\/festival.cyclo-camping.international\/2024\/wp-json\/wp\/v2\/comments?post=58"}],"version-history":[{"count":0,"href":"https:\/\/festival.cyclo-camping.international\/2024\/wp-json\/wp\/v2\/pages\/58\/revisions"}],"up":[{"embeddable":true,"href":"https:\/\/festival.cyclo-camping.international\/2024\/wp-json\/wp\/v2\/pages\/61"}],"wp:attachment":[{"href":"https:\/\/festival.cyclo-camping.international\/2024\/wp-json\/wp\/v2\/media?parent=58"}],"curies":[{"name":"wp","href":"https:\/\/api.w.org\/{rel}","templated":true}]}}