{"id":48,"date":"2023-12-24T17:17:00","date_gmt":"2023-12-24T16:17:00","guid":{"rendered":"https:\/\/festival.cyclo-camping.international\/?page_id=48"},"modified":"2023-12-24T17:17:00","modified_gmt":"2023-12-24T16:17:00","slug":"dossier-de-presse-festival-voyage-velo","status":"publish","type":"page","link":"https:\/\/festival.cyclo-camping.international\/2024\/presentation\/dossier-de-presse-festival-voyage-velo\/","title":{"rendered":"Dossier de Presse"},"content":{"rendered":"\n<h2 class=\"wp-block-heading has-text-align-center\">Dossier de presse<\/h2>\n\n\n\n<p>Vous trouverez dans cette page le dossier de presse concernant le 37<sup>e<\/sup> festival international du voyage \u00e0 v\u00e9lo et son organisateur, ainsi que le mat\u00e9riel de promotion.<\/p>\n\n\n\n<div class=\"wp-block-group is-vertical is-layout-flex wp-container-core-group-is-layout-fe9cc265 wp-block-group-is-layout-flex\">\n<h3 class=\"wp-block-heading\">Pr\u00e9sentation du&nbsp;37<sup>e<\/sup> Festival international du&nbsp;voyage \u00e0&nbsp;v\u00e9lo<\/h3>\n\n\n\n<div data-wp-interactive=\"core\/file\" class=\"wp-block-file\"><object aria-label=\"PDF embarqu\u00e9\" data-wp-bind--hidden=\"!state.hasPdfPreview\" hidden><\/object><a id=\"wp-block-file--media-25e46cd5-caec-4cc9-8f92-9c493334b0b6\" href=\"https:\/\/festival.cyclo-camping.international\/wp-content\/uploads\/2023\/12\/Dossier-de-presse.pdf\">Dossier-de-presse<\/a><a href=\"https:\/\/festival.cyclo-camping.international\/wp-content\/uploads\/2023\/12\/Dossier-de-presse.pdf\" class=\"wp-block-file__button wp-element-button\" download aria-describedby=\"wp-block-file--media-25e46cd5-caec-4cc9-8f92-9c493334b0b6\">T\u00e9l\u00e9charger<\/a><\/div>\n<\/div>\n\n\n\n<div class=\"wp-block-group is-vertical is-layout-flex wp-container-core-group-is-layout-fe9cc265 wp-block-group-is-layout-flex\">\n<h3 class=\"wp-block-heading\">Pr\u00e9sentation de&nbsp;l\u2019association Cyclo\u2011Camping International<\/h3>\n\n\n\n<div data-wp-interactive=\"core\/file\" class=\"wp-block-file\"><object aria-label=\"PDF embarqu\u00e9\" data-wp-bind--hidden=\"!state.hasPdfPreview\" hidden><\/object><a id=\"wp-block-file--media-941dc1f5-ac8c-4565-80ca-23847997cdc6\" href=\"https:\/\/festival.cyclo-camping.international\/wp-content\/uploads\/2023\/12\/dossier_presentationCCI_23B.pdf\">dossier_presentationCCI_23B<\/a><a href=\"https:\/\/festival.cyclo-camping.international\/wp-content\/uploads\/2023\/12\/dossier_presentationCCI_23B.pdf\" class=\"wp-block-file__button wp-element-button\" download aria-describedby=\"wp-block-file--media-941dc1f5-ac8c-4565-80ca-23847997cdc6\">T\u00e9l\u00e9charger<\/a><\/div>\n<\/div>\n\n\n\n<div id=\"ContactsPresse\" class=\"wp-block-group is-vertical is-layout-flex wp-container-core-group-is-layout-fe9cc265 wp-block-group-is-layout-flex\">\n<h3 class=\"wp-block-heading\">Contacts presse<\/h3>\n\n\n\n<div class=\"wp-block-group is-layout-flex wp-container-core-group-is-layout-382ae193 wp-block-group-is-layout-flex\" style=\"margin-top:0;margin-bottom:0;padding-top:0;padding-bottom:0\">\n<p class=\"has-text-align-left\" style=\"font-size:0.8rem;letter-spacing:0.0625rem;text-transform:uppercase\">Infos g\u00e9n\u00e9rales :<\/p>\n\n\n\n<div style=\"height:14px;width:0px\" aria-hidden=\"true\" class=\"wp-block-spacer\"><\/div>\n\n\n\n<p class=\"has-text-align-left\" style=\"font-size:clamp(0.875rem, 0.875rem + ((1vw - 0.2rem) * 0.175), 0.98rem);\"><a href=\"&#x6d;a&#x69;&#108;&#x74;&#x6f;:&#x63;&#111;&#x6e;&#x74;a&#x63;&#116;&#x40;&#x63;y&#x63;&#108;&#x6f;&#x2d;c&#x61;&#109;&#x70;&#x69;n&#x67;&#46;&#x69;&#x6e;t&#x65;&#114;&#x6e;&#x61;t&#x69;&#111;&#x6e;&#x61;l\">cont&#97;&#99;&#116;&#64;&#99;&#x79;&#x63;&#x6c;&#x6f;&#x2d;&#x63;&#x61;mpin&#103;&#46;&#105;&#110;&#116;&#x65;&#x72;&#x6e;&#x61;&#x74;&#x69;&#x6f;&#x6e;al<\/a><\/p>\n<\/div>\n\n\n\n<div class=\"wp-block-group is-layout-flex wp-container-core-group-is-layout-3c8a755a wp-block-group-is-layout-flex\" style=\"margin-top:0;margin-bottom:0;padding-top:0;padding-bottom:0\">\n<p class=\"has-text-align-left\" style=\"font-size:0.8rem;letter-spacing:0.0625rem;text-transform:uppercase\">Contact presse :<\/p>\n\n\n\n<div style=\"height:14px;width:0px\" aria-hidden=\"true\" class=\"wp-block-spacer\"><\/div>\n\n\n\n<p class=\"has-text-align-left\" style=\"font-size:clamp(0.875rem, 0.875rem + ((1vw - 0.2rem) * 0.175), 0.98rem);\">Laure Besson<\/p>\n\n\n\n<div style=\"height:14px;width:0px\" aria-hidden=\"true\" class=\"wp-block-spacer\"><\/div>\n\n\n\n<p class=\"has-text-align-left\" style=\"font-size:clamp(0.875rem, 0.875rem + ((1vw - 0.2rem) * 0.175), 0.98rem);\"><a href=\"m&#97;&#x69;&#x6c;t&#111;&#58;&#x6c;&#x61;u&#114;&#101;&#x2e;&#x62;e&#115;&#x73;&#x6f;&#x6e;&#64;&#109;&#x61;&#x69;l&#111;&#111;&#x2e;&#x6f;r&#103;\">&#x6c;a&#x75;&#114;&#x65;&#46;b&#x65;&#115;&#x73;&#111;n&#x40;&#109;&#x61;&#105;l&#x6f;o&#x2e;&#111;&#x72;&#x67;<\/a><\/p>\n<\/div>\n\n\n\n<div class=\"wp-block-group is-layout-flex wp-container-core-group-is-layout-3c8a755a wp-block-group-is-layout-flex\" style=\"margin-top:0;margin-bottom:0;padding-top:0;padding-bottom:0\">\n<p class=\"has-text-align-left\" style=\"font-size:0.8rem;letter-spacing:0.0625rem;text-transform:uppercase\">Coordinateur g\u00e9n\u00e9ral :<\/p>\n\n\n\n<div style=\"height:14px;width:0px\" aria-hidden=\"true\" class=\"wp-block-spacer\"><\/div>\n\n\n\n<p class=\"has-text-align-left\" style=\"font-size:clamp(0.875rem, 0.875rem + ((1vw - 0.2rem) * 0.175), 0.98rem);\">Thierry Mourlanne<\/p>\n\n\n\n<div style=\"height:14px;width:0px\" aria-hidden=\"true\" class=\"wp-block-spacer\"><\/div>\n\n\n\n<p class=\"has-text-align-left\" style=\"font-size:clamp(0.875rem, 0.875rem + ((1vw - 0.2rem) * 0.175), 0.98rem);\"><a href=\"mail&#116;&#111;&#58;&#116;&#104;&#x69;&#x65;&#x72;&#x72;&#x79;&#x40;&#x6d;ourl&#97;&#110;&#110;&#101;&#46;&#x63;&#x6f;&#x6d;\">t&#104;&#105;&#101;&#x72;&#x72;&#x79;&#64;m&#111;&#117;&#x72;&#x6c;&#x61;&#x6e;ne&#46;&#99;&#x6f;&#x6d;<\/a> <\/p>\n\n\n\n<div style=\"height:14px;width:0px\" aria-hidden=\"true\" class=\"wp-block-spacer\"><\/div>\n\n\n\n<p class=\"has-text-align-left\" style=\"font-size:clamp(0.875rem, 0.875rem + ((1vw - 0.2rem) * 0.125), 0.95rem);\">T\u00e9l : <a href=\"tel:0680483191\">06.80.48.31.91<\/a><\/p>\n<\/div>\n<\/div>\n\n\n\n<div class=\"wp-block-group is-vertical is-layout-flex wp-container-core-group-is-layout-fe9cc265 wp-block-group-is-layout-flex\">\n<h3 class=\"wp-block-heading\">Mat\u00e9riel de communication<\/h3>\n\n\n\n<div class=\"wp-block-file\"><a id=\"wp-block-file--media-3a3d3532-e7a8-4f1f-84c7-d259ec58da84\" href=\"https:\/\/festival.cyclo-camping.international\/wp-content\/uploads\/2023\/12\/affiche-fond-Ecran-cinema-1920x1080-1.jpg\">affiche-fond-Ecran-cinema-1920&#215;1080-1<\/a><a href=\"https:\/\/festival.cyclo-camping.international\/wp-content\/uploads\/2023\/12\/affiche-fond-Ecran-cinema-1920x1080-1.jpg\" class=\"wp-block-file__button wp-element-button\" download aria-describedby=\"wp-block-file--media-3a3d3532-e7a8-4f1f-84c7-d259ec58da84\">T\u00e9l\u00e9charger<\/a><\/div>\n\n\n\n<div class=\"wp-block-file\"><a id=\"wp-block-file--media-ef9656c7-c7ee-4020-99fa-e0ad72b3f6d1\" href=\"https:\/\/festival.cyclo-camping.international\/wp-content\/uploads\/2023\/12\/affiche-horizontale-pour-site-et-com.jpg\">affiche-horizontale-pour-site-et-com<\/a><a href=\"https:\/\/festival.cyclo-camping.international\/wp-content\/uploads\/2023\/12\/affiche-horizontale-pour-site-et-com.jpg\" class=\"wp-block-file__button wp-element-button\" download aria-describedby=\"wp-block-file--media-ef9656c7-c7ee-4020-99fa-e0ad72b3f6d1\">T\u00e9l\u00e9charger<\/a><\/div>\n\n\n\n<div class=\"wp-block-file\"><a id=\"wp-block-file--media-e26c98e6-b4cf-41ca-9099-70200ce3cf8e\" href=\"https:\/\/festival.cyclo-camping.international\/wp-content\/uploads\/2023\/12\/Affiche-L190xH260-mm.HD-RPDL.pdf\">Affiche-L190xH260-mm.HD-RPDL<\/a><a href=\"https:\/\/festival.cyclo-camping.international\/wp-content\/uploads\/2023\/12\/Affiche-L190xH260-mm.HD-RPDL.pdf\" class=\"wp-block-file__button wp-element-button\" download aria-describedby=\"wp-block-file--media-e26c98e6-b4cf-41ca-9099-70200ce3cf8e\">T\u00e9l\u00e9charger<\/a><\/div>\n\n\n\n<div class=\"wp-block-file\"><a id=\"wp-block-file--media-181a2f8c-7aee-4415-a31b-0fe2aa7df1e4\" href=\"https:\/\/festival.cyclo-camping.international\/wp-content\/uploads\/2023\/12\/Clappin-Cyclo-Camping-L60xH92-HD.pdf\">Clappin-Cyclo-Camping-L60xH92-HD<\/a><a href=\"https:\/\/festival.cyclo-camping.international\/wp-content\/uploads\/2023\/12\/Clappin-Cyclo-Camping-L60xH92-HD.pdf\" class=\"wp-block-file__button wp-element-button\" download aria-describedby=\"wp-block-file--media-181a2f8c-7aee-4415-a31b-0fe2aa7df1e4\">T\u00e9l\u00e9charger<\/a><\/div>\n\n\n\n<div class=\"wp-block-file\"><a id=\"wp-block-file--media-0e862ae8-5988-4ba4-a6f5-0a05dc19fe2f\" href=\"https:\/\/festival.cyclo-camping.international\/wp-content\/uploads\/2023\/12\/Clappin-Cyclo-Camping-L1245xH46.pdf\">Clappin-Cyclo-Camping-L1245xH46<\/a><a href=\"https:\/\/festival.cyclo-camping.international\/wp-content\/uploads\/2023\/12\/Clappin-Cyclo-Camping-L1245xH46.pdf\" class=\"wp-block-file__button wp-element-button\" download aria-describedby=\"wp-block-file--media-0e862ae8-5988-4ba4-a6f5-0a05dc19fe2f\">T\u00e9l\u00e9charger<\/a><\/div>\n<\/div>\n","protected":false},"excerpt":{"rendered":"<p>Dossier de presse Vous trouverez dans cette page le dossier de presse concernant le 37e festival international du voyage \u00e0 v\u00e9lo et son organisateur, ainsi que le mat\u00e9riel de promotion. Pr\u00e9sentation du&nbsp;37e Festival international du&nbsp;voyage \u00e0&nbsp;v\u00e9lo Pr\u00e9sentation de&nbsp;l\u2019association Cyclo\u2011Camping International Contacts presse Infos g\u00e9n\u00e9rales : &#99;o&#x6e;t&#x61;c&#x74;&#64;&#x63;&#121;&#x63;&#108;o&#x2d;c&#x61;m&#x70;&#105;&#x6e;&#103;&#x2e;&#105;&#x6e;&#116;e&#x72;n&#x61;t&#x69;&#111;&#x6e;&#97;&#x6c; Contact presse : Laure Besson l&#97;&#x75;&#x72;e&#46;&#x62;&#x65;s&#115;&#111;&#x6e;&#x40;m&#97;&#x69;&#x6c;o&#111;&#x2e;&#x6f;r&#103; Coordinateur g\u00e9n\u00e9ral : [&hellip;]<\/p>\n","protected":false},"author":1,"featured_media":0,"parent":61,"menu_order":3,"comment_status":"closed","ping_status":"closed","template":"page-no-title","meta":{"footnotes":""},"class_list":["post-48","page","type-page","status-publish","hentry"],"yoast_head":"<!-- This site is optimized with the Yoast SEO plugin v27.5 - https:\/\/yoast.com\/product\/yoast-seo-wordpress\/ -->\n<title>Dossier de Presse - 37e Festival international du voyage \u00e0 v\u00e9lo<\/title>\n<meta name=\"description\" content=\"Dossier de presse du 37e festival international du voyage \u00e0 v\u00e9lo au Mans, organis\u00e9 par Cyclo-camping international.\" \/>\n<meta name=\"robots\" content=\"index, follow, max-snippet:-1, max-image-preview:large, max-video-preview:-1\" \/>\n<link rel=\"canonical\" href=\"https:\/\/festival.cyclo-camping.international\/2024\/presentation\/dossier-de-presse-festival-voyage-velo\/\" \/>\n<meta property=\"og:locale\" content=\"fr_FR\" \/>\n<meta property=\"og:type\" content=\"article\" \/>\n<meta property=\"og:title\" content=\"Dossier de Presse - 37e Festival international du voyage \u00e0 v\u00e9lo\" \/>\n<meta property=\"og:description\" content=\"Dossier de presse du 37e festival international du voyage \u00e0 v\u00e9lo au Mans, organis\u00e9 par Cyclo-camping international.\" \/>\n<meta property=\"og:url\" content=\"https:\/\/festival.cyclo-camping.international\/2024\/presentation\/dossier-de-presse-festival-voyage-velo\/\" \/>\n<meta property=\"og:site_name\" content=\"37e Festival international du voyage \u00e0 v\u00e9lo\" \/>\n<meta name=\"twitter:card\" content=\"summary_large_image\" \/>\n<meta name=\"twitter:label1\" content=\"Dur\u00e9e de lecture estim\u00e9e\" \/>\n\t<meta name=\"twitter:data1\" content=\"3 minutes\" \/>\n<script type=\"application\/ld+json\" class=\"yoast-schema-graph\">{\"@context\":\"https:\\\/\\\/schema.org\",\"@graph\":[{\"@type\":\"WebPage\",\"@id\":\"https:\\\/\\\/festival.cyclo-camping.international\\\/2024\\\/presentation\\\/dossier-de-presse-festival-voyage-velo\\\/\",\"url\":\"https:\\\/\\\/festival.cyclo-camping.international\\\/2024\\\/presentation\\\/dossier-de-presse-festival-voyage-velo\\\/\",\"name\":\"Dossier de Presse - 37e Festival international du voyage \u00e0 v\u00e9lo\",\"isPartOf\":{\"@id\":\"https:\\\/\\\/festival.cyclo-camping.international\\\/2024\\\/#website\"},\"datePublished\":\"2023-12-24T16:17:00+00:00\",\"description\":\"Dossier de presse du 37e festival international du voyage \u00e0 v\u00e9lo au Mans, organis\u00e9 par Cyclo-camping international.\",\"breadcrumb\":{\"@id\":\"https:\\\/\\\/festival.cyclo-camping.international\\\/2024\\\/presentation\\\/dossier-de-presse-festival-voyage-velo\\\/#breadcrumb\"},\"inLanguage\":\"fr-FR\",\"potentialAction\":[{\"@type\":\"ReadAction\",\"target\":[\"https:\\\/\\\/festival.cyclo-camping.international\\\/2024\\\/presentation\\\/dossier-de-presse-festival-voyage-velo\\\/\"]}]},{\"@type\":\"BreadcrumbList\",\"@id\":\"https:\\\/\\\/festival.cyclo-camping.international\\\/2024\\\/presentation\\\/dossier-de-presse-festival-voyage-velo\\\/#breadcrumb\",\"itemListElement\":[{\"@type\":\"ListItem\",\"position\":1,\"name\":\"Accueil\",\"item\":\"https:\\\/\\\/festival.cyclo-camping.international\\\/2024\\\/\"},{\"@type\":\"ListItem\",\"position\":2,\"name\":\"Pr\u00e9sentation\",\"item\":\"https:\\\/\\\/festival.cyclo-camping.international\\\/2024\\\/presentation\\\/\"},{\"@type\":\"ListItem\",\"position\":3,\"name\":\"Dossier de Presse\"}]},{\"@type\":\"WebSite\",\"@id\":\"https:\\\/\\\/festival.cyclo-camping.international\\\/2024\\\/#website\",\"url\":\"https:\\\/\\\/festival.cyclo-camping.international\\\/2024\\\/\",\"name\":\"37e Festival international du voyage \u00e0 v\u00e9lo\",\"description\":\"\",\"potentialAction\":[{\"@type\":\"SearchAction\",\"target\":{\"@type\":\"EntryPoint\",\"urlTemplate\":\"https:\\\/\\\/festival.cyclo-camping.international\\\/2024\\\/?s={search_term_string}\"},\"query-input\":{\"@type\":\"PropertyValueSpecification\",\"valueRequired\":true,\"valueName\":\"search_term_string\"}}],\"inLanguage\":\"fr-FR\"}]}<\/script>\n<!-- \/ Yoast SEO plugin. -->","yoast_head_json":{"title":"Dossier de Presse - 37e Festival international du voyage \u00e0 v\u00e9lo","description":"Dossier de presse du 37e festival international du voyage \u00e0 v\u00e9lo au Mans, organis\u00e9 par Cyclo-camping international.","robots":{"index":"index","follow":"follow","max-snippet":"max-snippet:-1","max-image-preview":"max-image-preview:large","max-video-preview":"max-video-preview:-1"},"canonical":"https:\/\/festival.cyclo-camping.international\/2024\/presentation\/dossier-de-presse-festival-voyage-velo\/","og_locale":"fr_FR","og_type":"article","og_title":"Dossier de Presse - 37e Festival international du voyage \u00e0 v\u00e9lo","og_description":"Dossier de presse du 37e festival international du voyage \u00e0 v\u00e9lo au Mans, organis\u00e9 par Cyclo-camping international.","og_url":"https:\/\/festival.cyclo-camping.international\/2024\/presentation\/dossier-de-presse-festival-voyage-velo\/","og_site_name":"37e Festival international du voyage \u00e0 v\u00e9lo","twitter_card":"summary_large_image","twitter_misc":{"Dur\u00e9e de lecture estim\u00e9e":"3 minutes"},"schema":{"@context":"https:\/\/schema.org","@graph":[{"@type":"WebPage","@id":"https:\/\/festival.cyclo-camping.international\/2024\/presentation\/dossier-de-presse-festival-voyage-velo\/","url":"https:\/\/festival.cyclo-camping.international\/2024\/presentation\/dossier-de-presse-festival-voyage-velo\/","name":"Dossier de Presse - 37e Festival international du voyage \u00e0 v\u00e9lo","isPartOf":{"@id":"https:\/\/festival.cyclo-camping.international\/2024\/#website"},"datePublished":"2023-12-24T16:17:00+00:00","description":"Dossier de presse du 37e festival international du voyage \u00e0 v\u00e9lo au Mans, organis\u00e9 par Cyclo-camping international.","breadcrumb":{"@id":"https:\/\/festival.cyclo-camping.international\/2024\/presentation\/dossier-de-presse-festival-voyage-velo\/#breadcrumb"},"inLanguage":"fr-FR","potentialAction":[{"@type":"ReadAction","target":["https:\/\/festival.cyclo-camping.international\/2024\/presentation\/dossier-de-presse-festival-voyage-velo\/"]}]},{"@type":"BreadcrumbList","@id":"https:\/\/festival.cyclo-camping.international\/2024\/presentation\/dossier-de-presse-festival-voyage-velo\/#breadcrumb","itemListElement":[{"@type":"ListItem","position":1,"name":"Accueil","item":"https:\/\/festival.cyclo-camping.international\/2024\/"},{"@type":"ListItem","position":2,"name":"Pr\u00e9sentation","item":"https:\/\/festival.cyclo-camping.international\/2024\/presentation\/"},{"@type":"ListItem","position":3,"name":"Dossier de Presse"}]},{"@type":"WebSite","@id":"https:\/\/festival.cyclo-camping.international\/2024\/#website","url":"https:\/\/festival.cyclo-camping.international\/2024\/","name":"37e Festival international du voyage \u00e0 v\u00e9lo","description":"","potentialAction":[{"@type":"SearchAction","target":{"@type":"EntryPoint","urlTemplate":"https:\/\/festival.cyclo-camping.international\/2024\/?s={search_term_string}"},"query-input":{"@type":"PropertyValueSpecification","valueRequired":true,"valueName":"search_term_string"}}],"inLanguage":"fr-FR"}]}},"_links":{"self":[{"href":"https:\/\/festival.cyclo-camping.international\/2024\/wp-json\/wp\/v2\/pages\/48","targetHints":{"allow":["GET"]}}],"collection":[{"href":"https:\/\/festival.cyclo-camping.international\/2024\/wp-json\/wp\/v2\/pages"}],"about":[{"href":"https:\/\/festival.cyclo-camping.international\/2024\/wp-json\/wp\/v2\/types\/page"}],"author":[{"embeddable":true,"href":"https:\/\/festival.cyclo-camping.international\/2024\/wp-json\/wp\/v2\/users\/1"}],"replies":[{"embeddable":true,"href":"https:\/\/festival.cyclo-camping.international\/2024\/wp-json\/wp\/v2\/comments?post=48"}],"version-history":[{"count":0,"href":"https:\/\/festival.cyclo-camping.international\/2024\/wp-json\/wp\/v2\/pages\/48\/revisions"}],"up":[{"embeddable":true,"href":"https:\/\/festival.cyclo-camping.international\/2024\/wp-json\/wp\/v2\/pages\/61"}],"wp:attachment":[{"href":"https:\/\/festival.cyclo-camping.international\/2024\/wp-json\/wp\/v2\/media?parent=48"}],"curies":[{"name":"wp","href":"https:\/\/api.w.org\/{rel}","templated":true}]}}